{"id":4982,"date":"2024-05-09T18:10:10","date_gmt":"2024-05-09T16:10:10","guid":{"rendered":"https:\/\/www.canismarritietrovati.it\/smarriti\/daisy\/"},"modified":"2024-05-23T14:47:37","modified_gmt":"2024-05-23T12:47:37","slug":"daisy","status":"publish","type":"smarriti","link":"https:\/\/www.canismarritietrovati.it\/en\/smarriti\/daisy\/","title":{"rendered":"Daisy"},"content":{"rendered":"<p>\ud83c\udfe1\ud83d\udc15 DAISY E ARIEL SONO TORNATE A CASA \ud83c\udf88\ud83d\udc95<\/p>\n<p>Daisy il 30 aprile \u00e8 scappata da casa, insieme alla mamma ariel e non \u00e8 pi\u00f9 tornata. Qualsiasi segnalazione sarebbe di grande aiuto. Grazie<\/p>\n","protected":false},"author":2861,"featured_media":4983,"comment_status":"1","ping_status":"closed","template":"","meta":[],"categories":[123],"razza":[511],"provincia":[156],"class_list":["post-4982","smarriti","type-smarriti","status-publish","has-post-thumbnail","hentry","category-risolto","razza-meticcio","provincia-na"],"jetpack_sharing_enabled":true,"_links":{"self":[{"href":"https:\/\/www.canismarritietrovati.it\/en\/wp-json\/wp\/v2\/smarriti\/4982","targetHints":{"allow":["GET"]}}],"collection":[{"href":"https:\/\/www.canismarritietrovati.it\/en\/wp-json\/wp\/v2\/smarriti"}],"about":[{"href":"https:\/\/www.canismarritietrovati.it\/en\/wp-json\/wp\/v2\/types\/smarriti"}],"author":[{"embeddable":true,"href":"https:\/\/www.canismarritietrovati.it\/en\/wp-json\/wp\/v2\/users\/2861"}],"replies":[{"embeddable":true,"href":"https:\/\/www.canismarritietrovati.it\/en\/wp-json\/wp\/v2\/comments?post=4982"}],"wp:featuredmedia":[{"embeddable":true,"href":"https:\/\/www.canismarritietrovati.it\/en\/wp-json\/wp\/v2\/media\/4983"}],"wp:attachment":[{"href":"https:\/\/www.canismarritietrovati.it\/en\/wp-json\/wp\/v2\/media?parent=4982"}],"wp:term":[{"taxonomy":"category","embeddable":true,"href":"https:\/\/www.canismarritietrovati.it\/en\/wp-json\/wp\/v2\/categories?post=4982"},{"taxonomy":"razza","embeddable":true,"href":"https:\/\/www.canismarritietrovati.it\/en\/wp-json\/wp\/v2\/razza?post=4982"},{"taxonomy":"provincia","embeddable":true,"href":"https:\/\/www.canismarritietrovati.it\/en\/wp-json\/wp\/v2\/provincia?post=4982"}],"curies":[{"name":"wp","href":"https:\/\/api.w.org\/{rel}","templated":true}]}}

<p>🏡🐕 DAISY E ARIEL SONO TORNATE A CASA 🎈💕</p>
<p>Daisy il 30 aprile è scappata da casa, insieme alla mamma ariel e non è più tornata. Qualsiasi segnalazione sarebbe di grande aiuto. Grazie</p>
