{"id":4978,"date":"2024-05-09T18:04:05","date_gmt":"2024-05-09T16:04:05","guid":{"rendered":"https:\/\/www.canismarritietrovati.it\/smarriti\/ariel-4\/"},"modified":"2024-05-23T14:46:06","modified_gmt":"2024-05-23T12:46:06","slug":"ariel-4","status":"publish","type":"smarriti","link":"https:\/\/www.canismarritietrovati.it\/en\/smarriti\/ariel-4\/","title":{"rendered":"Ariel"},"content":{"rendered":"<p>\ud83c\udfe1\ud83d\udc15 ARIEL E DAISY SONO TORNATE A CASA \ud83c\udf88\ud83d\udc95<\/p>\n<p>Il data 30 aprile Ariel \u00e8 scappata di casa ,insieme alla figlia daisy, e non \u00e8 pi\u00f9 tornata. Generalmente \u00e8 diffidente, qualsiasi segnalazione sarebbe di grande aiuto.<\/p>\n","protected":false},"author":2861,"featured_media":4979,"comment_status":"1","ping_status":"closed","template":"","meta":[],"categories":[123],"razza":[442],"provincia":[156],"class_list":["post-4978","smarriti","type-smarriti","status-publish","has-post-thumbnail","hentry","category-risolto","razza-beagle","provincia-na"],"jetpack_sharing_enabled":true,"_links":{"self":[{"href":"https:\/\/www.canismarritietrovati.it\/en\/wp-json\/wp\/v2\/smarriti\/4978","targetHints":{"allow":["GET"]}}],"collection":[{"href":"https:\/\/www.canismarritietrovati.it\/en\/wp-json\/wp\/v2\/smarriti"}],"about":[{"href":"https:\/\/www.canismarritietrovati.it\/en\/wp-json\/wp\/v2\/types\/smarriti"}],"author":[{"embeddable":true,"href":"https:\/\/www.canismarritietrovati.it\/en\/wp-json\/wp\/v2\/users\/2861"}],"replies":[{"embeddable":true,"href":"https:\/\/www.canismarritietrovati.it\/en\/wp-json\/wp\/v2\/comments?post=4978"}],"wp:featuredmedia":[{"embeddable":true,"href":"https:\/\/www.canismarritietrovati.it\/en\/wp-json\/wp\/v2\/media\/4979"}],"wp:attachment":[{"href":"https:\/\/www.canismarritietrovati.it\/en\/wp-json\/wp\/v2\/media?parent=4978"}],"wp:term":[{"taxonomy":"category","embeddable":true,"href":"https:\/\/www.canismarritietrovati.it\/en\/wp-json\/wp\/v2\/categories?post=4978"},{"taxonomy":"razza","embeddable":true,"href":"https:\/\/www.canismarritietrovati.it\/en\/wp-json\/wp\/v2\/razza?post=4978"},{"taxonomy":"provincia","embeddable":true,"href":"https:\/\/www.canismarritietrovati.it\/en\/wp-json\/wp\/v2\/provincia?post=4978"}],"curies":[{"name":"wp","href":"https:\/\/api.w.org\/{rel}","templated":true}]}}

<p>🏡🐕 ARIEL E DAISY SONO TORNATE A CASA 🎈💕</p>
<p>Il data 30 aprile Ariel è scappata di casa ,insieme alla figlia daisy, e non è più tornata. Generalmente è diffidente, qualsiasi segnalazione sarebbe di grande aiuto.</p>
