{"id":4909,"date":"2024-05-02T19:16:09","date_gmt":"2024-05-02T17:16:09","guid":{"rendered":"https:\/\/www.canismarritietrovati.it\/smarriti\/pimpa\/"},"modified":"2024-05-02T19:16:09","modified_gmt":"2024-05-02T17:16:09","slug":"pimpa","status":"publish","type":"smarriti","link":"https:\/\/www.canismarritietrovati.it\/en\/smarriti\/pimpa\/","title":{"rendered":"Pimpa"},"content":{"rendered":"<p>Il 19\/04\/2024 alle 18.30 si \u00e8 allontanata con uno dei cani di casa, il quale \u00e8 tornato poi alle 7.30 del mattino dopo, di lei pi\u00f9 nessuna traccia. Nessuna segnalazione verificata.<\/p>\n","protected":false},"author":2845,"featured_media":4911,"comment_status":"1","ping_status":"closed","template":"","meta":[],"categories":[122],"razza":[576],"provincia":[143],"class_list":["post-4909","smarriti","type-smarriti","status-publish","has-post-thumbnail","hentry","category-insoluto","razza-cane-da-ferma-tedesco-a-pelo-corto","provincia-ct"],"jetpack_sharing_enabled":true,"_links":{"self":[{"href":"https:\/\/www.canismarritietrovati.it\/en\/wp-json\/wp\/v2\/smarriti\/4909","targetHints":{"allow":["GET"]}}],"collection":[{"href":"https:\/\/www.canismarritietrovati.it\/en\/wp-json\/wp\/v2\/smarriti"}],"about":[{"href":"https:\/\/www.canismarritietrovati.it\/en\/wp-json\/wp\/v2\/types\/smarriti"}],"author":[{"embeddable":true,"href":"https:\/\/www.canismarritietrovati.it\/en\/wp-json\/wp\/v2\/users\/2845"}],"replies":[{"embeddable":true,"href":"https:\/\/www.canismarritietrovati.it\/en\/wp-json\/wp\/v2\/comments?post=4909"}],"wp:featuredmedia":[{"embeddable":true,"href":"https:\/\/www.canismarritietrovati.it\/en\/wp-json\/wp\/v2\/media\/4911"}],"wp:attachment":[{"href":"https:\/\/www.canismarritietrovati.it\/en\/wp-json\/wp\/v2\/media?parent=4909"}],"wp:term":[{"taxonomy":"category","embeddable":true,"href":"https:\/\/www.canismarritietrovati.it\/en\/wp-json\/wp\/v2\/categories?post=4909"},{"taxonomy":"razza","embeddable":true,"href":"https:\/\/www.canismarritietrovati.it\/en\/wp-json\/wp\/v2\/razza?post=4909"},{"taxonomy":"provincia","embeddable":true,"href":"https:\/\/www.canismarritietrovati.it\/en\/wp-json\/wp\/v2\/provincia?post=4909"}],"curies":[{"name":"wp","href":"https:\/\/api.w.org\/{rel}","templated":true}]}}

<p>Il 19/04/2024 alle 18.30 si è allontanata con uno dei cani di casa, il quale è tornato poi alle 7.30 del mattino dopo, di lei più nessuna traccia. Nessuna segnalazione verificata.</p>
