{"id":4903,"date":"2024-05-02T14:19:36","date_gmt":"2024-05-02T12:19:36","guid":{"rendered":"https:\/\/www.canismarritietrovati.it\/smarriti\/lara-3\/"},"modified":"2024-05-05T21:18:13","modified_gmt":"2024-05-05T19:18:13","slug":"lara-3","status":"publish","type":"smarriti","link":"https:\/\/www.canismarritietrovati.it\/en\/smarriti\/lara-3\/","title":{"rendered":"Lara"},"content":{"rendered":"<p>\ud83c\udfe1\ud83d\udc15 LARA E&#39; TORNATA A CASA\u2764\ufe0f\ud83c\udf8a<\/p>\n<p>Il cane si \u00e8 allontanato insieme alla mamma il 29 aprile alle 21 e non ha fatto pi\u00f9 ritorno. Il mio telefono \u00e8 3391488162 ha un collare arancione<\/p>\n","protected":false},"author":2843,"featured_media":4904,"comment_status":"1","ping_status":"closed","template":"","meta":[],"categories":[123],"razza":[502],"provincia":[102],"class_list":["post-4903","smarriti","type-smarriti","status-publish","has-post-thumbnail","hentry","category-risolto","razza-labrador-retriever","provincia-vt"],"jetpack_sharing_enabled":true,"_links":{"self":[{"href":"https:\/\/www.canismarritietrovati.it\/en\/wp-json\/wp\/v2\/smarriti\/4903","targetHints":{"allow":["GET"]}}],"collection":[{"href":"https:\/\/www.canismarritietrovati.it\/en\/wp-json\/wp\/v2\/smarriti"}],"about":[{"href":"https:\/\/www.canismarritietrovati.it\/en\/wp-json\/wp\/v2\/types\/smarriti"}],"author":[{"embeddable":true,"href":"https:\/\/www.canismarritietrovati.it\/en\/wp-json\/wp\/v2\/users\/2843"}],"replies":[{"embeddable":true,"href":"https:\/\/www.canismarritietrovati.it\/en\/wp-json\/wp\/v2\/comments?post=4903"}],"wp:featuredmedia":[{"embeddable":true,"href":"https:\/\/www.canismarritietrovati.it\/en\/wp-json\/wp\/v2\/media\/4904"}],"wp:attachment":[{"href":"https:\/\/www.canismarritietrovati.it\/en\/wp-json\/wp\/v2\/media?parent=4903"}],"wp:term":[{"taxonomy":"category","embeddable":true,"href":"https:\/\/www.canismarritietrovati.it\/en\/wp-json\/wp\/v2\/categories?post=4903"},{"taxonomy":"razza","embeddable":true,"href":"https:\/\/www.canismarritietrovati.it\/en\/wp-json\/wp\/v2\/razza?post=4903"},{"taxonomy":"provincia","embeddable":true,"href":"https:\/\/www.canismarritietrovati.it\/en\/wp-json\/wp\/v2\/provincia?post=4903"}],"curies":[{"name":"wp","href":"https:\/\/api.w.org\/{rel}","templated":true}]}}

<p>🏡🐕 LARA E&#39; TORNATA A CASA❤️🎊</p>
<p>Il cane si è allontanato insieme alla mamma il 29 aprile alle 21 e non ha fatto più ritorno. Il mio telefono è 3391488162 ha un collare arancione</p>
