{"id":4849,"date":"2024-04-27T11:01:41","date_gmt":"2024-04-27T09:01:41","guid":{"rendered":"https:\/\/www.canismarritietrovati.it\/smarriti\/lulu-2\/"},"modified":"2024-04-27T11:01:41","modified_gmt":"2024-04-27T09:01:41","slug":"lulu-2","status":"publish","type":"smarriti","link":"https:\/\/www.canismarritietrovati.it\/en\/smarriti\/lulu-2\/","title":{"rendered":"Lul\u00f9"},"content":{"rendered":"<p>\ud83d\udea8 URGENTE: AIUTO PER TROVARE LULU! \ud83d\udea8 \u203c\ufe0f Lulu \u00e8 scomparsa mercoled\u00ec 24 aprile verso il pomeriggio zona FONTANA LIRI e non \u00e8 ancora tornata a casa. Lulu ha pi\u00f9 di 15 anni, \u00e8 di taglia media, con un collare rosa e uno azzurrino. Ha un manto nero con tanti peli bianchi e occhi marroni. \u2139\ufe0f Se l&#039;hai visto o hai qualsiasi informazione, per favore contattaci immediatamente. \ud83d\udcb0 Offriamo una ricompensa a chiunque ci aiuti a riportare Lulu a casa. \ud83d\ude4f Vi preghiamo di condividere questo post e diffondere la voce. Ogni piccolo aiuto conta! Grazie di cuore per il vostro supporto. Ve ne saremo grati.<\/p>\n","protected":false},"author":2830,"featured_media":4850,"comment_status":"1","ping_status":"closed","template":"","meta":[],"categories":[122],"razza":[511],"provincia":[106],"class_list":["post-4849","smarriti","type-smarriti","status-publish","has-post-thumbnail","hentry","category-insoluto","razza-meticcio","provincia-fr"],"jetpack_sharing_enabled":true,"_links":{"self":[{"href":"https:\/\/www.canismarritietrovati.it\/en\/wp-json\/wp\/v2\/smarriti\/4849","targetHints":{"allow":["GET"]}}],"collection":[{"href":"https:\/\/www.canismarritietrovati.it\/en\/wp-json\/wp\/v2\/smarriti"}],"about":[{"href":"https:\/\/www.canismarritietrovati.it\/en\/wp-json\/wp\/v2\/types\/smarriti"}],"author":[{"embeddable":true,"href":"https:\/\/www.canismarritietrovati.it\/en\/wp-json\/wp\/v2\/users\/2830"}],"replies":[{"embeddable":true,"href":"https:\/\/www.canismarritietrovati.it\/en\/wp-json\/wp\/v2\/comments?post=4849"}],"wp:featuredmedia":[{"embeddable":true,"href":"https:\/\/www.canismarritietrovati.it\/en\/wp-json\/wp\/v2\/media\/4850"}],"wp:attachment":[{"href":"https:\/\/www.canismarritietrovati.it\/en\/wp-json\/wp\/v2\/media?parent=4849"}],"wp:term":[{"taxonomy":"category","embeddable":true,"href":"https:\/\/www.canismarritietrovati.it\/en\/wp-json\/wp\/v2\/categories?post=4849"},{"taxonomy":"razza","embeddable":true,"href":"https:\/\/www.canismarritietrovati.it\/en\/wp-json\/wp\/v2\/razza?post=4849"},{"taxonomy":"provincia","embeddable":true,"href":"https:\/\/www.canismarritietrovati.it\/en\/wp-json\/wp\/v2\/provincia?post=4849"}],"curies":[{"name":"wp","href":"https:\/\/api.w.org\/{rel}","templated":true}]}}

Lulù

<p>🚨 URGENTE: AIUTO PER TROVARE LULU! 🚨 ‼️ Lulu è scomparsa mercoledì 24 aprile verso il pomeriggio zona FONTANA LIRI e non è ancora tornata a casa. Lulu ha più di 15 anni, è di taglia media, con un collare rosa e uno azzurrino. Ha un manto nero con tanti peli bianchi e occhi marroni. ℹ️ Se l&#039;hai visto o hai qualsiasi informazione, per favore contattaci immediatamente. 💰 Offriamo una ricompensa a chiunque ci aiuti a riportare Lulu a casa. 🙏 Vi preghiamo di condividere questo post e diffondere la voce. Ogni piccolo aiuto conta! Grazie di cuore per il vostro supporto. Ve ne saremo grati.</p>
