{"id":4819,"date":"2024-04-19T13:58:56","date_gmt":"2024-04-19T11:58:56","guid":{"rendered":"https:\/\/www.canismarritietrovati.it\/smarriti\/ronnie-3\/"},"modified":"2024-04-19T13:58:56","modified_gmt":"2024-04-19T11:58:56","slug":"ronnie-3","status":"publish","type":"smarriti","link":"https:\/\/www.canismarritietrovati.it\/en\/smarriti\/ronnie-3\/","title":{"rendered":"Ronnie"},"content":{"rendered":"<p>Il mio cane si chiama Ronnie ha 14 anni,attivo ma sordo per anzianit\u00e0. Si \u00e8 allontanato nella notte scavando sotto le rete e dirigendosi, perch\u00e9 visto ,ma non si \u00e8 lasciato avvicinare, tra bivio di Baranello &#8211; Vinchiaturo e c\/da Monteverde. Chiunque lo veda pu\u00f2 scrivermi vi prego. Grz<\/p>\n","protected":false},"author":2817,"featured_media":4820,"comment_status":"1","ping_status":"closed","template":"","meta":[],"categories":[122],"razza":[432],"provincia":[113],"class_list":["post-4819","smarriti","type-smarriti","status-publish","has-post-thumbnail","hentry","category-insoluto","razza-volpino-italiano-bianco","provincia-cb"],"jetpack_sharing_enabled":true,"_links":{"self":[{"href":"https:\/\/www.canismarritietrovati.it\/en\/wp-json\/wp\/v2\/smarriti\/4819","targetHints":{"allow":["GET"]}}],"collection":[{"href":"https:\/\/www.canismarritietrovati.it\/en\/wp-json\/wp\/v2\/smarriti"}],"about":[{"href":"https:\/\/www.canismarritietrovati.it\/en\/wp-json\/wp\/v2\/types\/smarriti"}],"author":[{"embeddable":true,"href":"https:\/\/www.canismarritietrovati.it\/en\/wp-json\/wp\/v2\/users\/2817"}],"replies":[{"embeddable":true,"href":"https:\/\/www.canismarritietrovati.it\/en\/wp-json\/wp\/v2\/comments?post=4819"}],"wp:featuredmedia":[{"embeddable":true,"href":"https:\/\/www.canismarritietrovati.it\/en\/wp-json\/wp\/v2\/media\/4820"}],"wp:attachment":[{"href":"https:\/\/www.canismarritietrovati.it\/en\/wp-json\/wp\/v2\/media?parent=4819"}],"wp:term":[{"taxonomy":"category","embeddable":true,"href":"https:\/\/www.canismarritietrovati.it\/en\/wp-json\/wp\/v2\/categories?post=4819"},{"taxonomy":"razza","embeddable":true,"href":"https:\/\/www.canismarritietrovati.it\/en\/wp-json\/wp\/v2\/razza?post=4819"},{"taxonomy":"provincia","embeddable":true,"href":"https:\/\/www.canismarritietrovati.it\/en\/wp-json\/wp\/v2\/provincia?post=4819"}],"curies":[{"name":"wp","href":"https:\/\/api.w.org\/{rel}","templated":true}]}}

<p>Il mio cane si chiama Ronnie ha 14 anni,attivo ma sordo per anzianità. Si è allontanato nella notte scavando sotto le rete e dirigendosi, perché visto ,ma non si è lasciato avvicinare, tra bivio di Baranello &#8211; Vinchiaturo e c/da Monteverde. Chiunque lo veda può scrivermi vi prego. Grz</p>
