{"id":4785,"date":"2024-04-13T22:57:17","date_gmt":"2024-04-13T20:57:17","guid":{"rendered":"https:\/\/www.canismarritietrovati.it\/smarriti\/attila-2\/"},"modified":"2024-04-13T22:57:17","modified_gmt":"2024-04-13T20:57:17","slug":"attila-2","status":"publish","type":"smarriti","link":"https:\/\/www.canismarritietrovati.it\/en\/smarriti\/attila-2\/","title":{"rendered":"Attila"},"content":{"rendered":"<p>AIUTATECI A RITROVARE ATTILA.<br \/>\n\u00c9 scomparso durante la notte tra le 2 e le 5 del mattino. Viviamo in compagna e abbiamo sentito Attila abbaiare, insieme a un\u2019altra cagnolino che \u00e8 vicino casa nostra, intorno a mezzanotte e mezza\/l\u2019una. Siamo usciti fuori ma non c\u2019era niente e quindi abbiamo pensato stessero abbaiando a qualche animale. Alle 5 del mattino, quando sono uscita per andare a lavoro Attila non \u00e8 venuto a salutarmi come invece fa tutte le mattine. In quel momento non ci ho dato peso per poi scoprire che in realt\u00e0 Attila non c\u2019era pi\u00f9. ABBIAMO TROVATO IL SUO COLLARE SULLE SCALE DI CASA e questo ci ha portato a pensare che qualcuno l\u2019ha PRESO. VI PREGO DI CONDIVIDERE cosicch\u00e9 se qualcuno prova a vederlo o darlo ad altre persone qualcuno con il cuore buono possa accorgersi che \u00e8 il nostro Attila e che \u00e8 davvero una cattiveria allontanare il cane dalla propria casa e dai suoi affetti cos\u00ec come lo \u00e8 per noi.<br \/>\nSperiamo di ritrovarlo presto. <\/p>\n","protected":false},"author":2807,"featured_media":4786,"comment_status":"1","ping_status":"closed","template":"","meta":[],"categories":[122],"razza":[511],"provincia":[106],"class_list":["post-4785","smarriti","type-smarriti","status-publish","has-post-thumbnail","hentry","category-insoluto","razza-meticcio","provincia-fr"],"jetpack_sharing_enabled":true,"_links":{"self":[{"href":"https:\/\/www.canismarritietrovati.it\/en\/wp-json\/wp\/v2\/smarriti\/4785","targetHints":{"allow":["GET"]}}],"collection":[{"href":"https:\/\/www.canismarritietrovati.it\/en\/wp-json\/wp\/v2\/smarriti"}],"about":[{"href":"https:\/\/www.canismarritietrovati.it\/en\/wp-json\/wp\/v2\/types\/smarriti"}],"author":[{"embeddable":true,"href":"https:\/\/www.canismarritietrovati.it\/en\/wp-json\/wp\/v2\/users\/2807"}],"replies":[{"embeddable":true,"href":"https:\/\/www.canismarritietrovati.it\/en\/wp-json\/wp\/v2\/comments?post=4785"}],"wp:featuredmedia":[{"embeddable":true,"href":"https:\/\/www.canismarritietrovati.it\/en\/wp-json\/wp\/v2\/media\/4786"}],"wp:attachment":[{"href":"https:\/\/www.canismarritietrovati.it\/en\/wp-json\/wp\/v2\/media?parent=4785"}],"wp:term":[{"taxonomy":"category","embeddable":true,"href":"https:\/\/www.canismarritietrovati.it\/en\/wp-json\/wp\/v2\/categories?post=4785"},{"taxonomy":"razza","embeddable":true,"href":"https:\/\/www.canismarritietrovati.it\/en\/wp-json\/wp\/v2\/razza?post=4785"},{"taxonomy":"provincia","embeddable":true,"href":"https:\/\/www.canismarritietrovati.it\/en\/wp-json\/wp\/v2\/provincia?post=4785"}],"curies":[{"name":"wp","href":"https:\/\/api.w.org\/{rel}","templated":true}]}}

<p>AIUTATECI A RITROVARE ATTILA.<br />
É scomparso durante la notte tra le 2 e le 5 del mattino. Viviamo in compagna e abbiamo sentito Attila abbaiare, insieme a un’altra cagnolino che è vicino casa nostra, intorno a mezzanotte e mezza/l’una. Siamo usciti fuori ma non c’era niente e quindi abbiamo pensato stessero abbaiando a qualche animale. Alle 5 del mattino, quando sono uscita per andare a lavoro Attila non è venuto a salutarmi come invece fa tutte le mattine. In quel momento non ci ho dato peso per poi scoprire che in realtà Attila non c’era più. ABBIAMO TROVATO IL SUO COLLARE SULLE SCALE DI CASA e questo ci ha portato a pensare che qualcuno l’ha PRESO. VI PREGO DI CONDIVIDERE cosicché se qualcuno prova a vederlo o darlo ad altre persone qualcuno con il cuore buono possa accorgersi che è il nostro Attila e che è davvero una cattiveria allontanare il cane dalla propria casa e dai suoi affetti così come lo è per noi.<br />
Speriamo di ritrovarlo presto. </p>
