{"id":4780,"date":"2024-04-10T21:12:55","date_gmt":"2024-04-10T19:12:55","guid":{"rendered":"https:\/\/www.canismarritietrovati.it\/smarriti\/spritz\/"},"modified":"2024-04-10T21:20:14","modified_gmt":"2024-04-10T19:20:14","slug":"spritz","status":"publish","type":"smarriti","link":"https:\/\/www.canismarritietrovati.it\/en\/smarriti\/spritz\/","title":{"rendered":"SPRITZ"},"content":{"rendered":"<p>AIUTAMI ALLA MASSIMA CONDIVISIONE<br \/>\nper avere pi\u00f9 opportunit\u00e0 di ritrovarlo.<\/p>\n<p>Se \u00e8 stato PRESO da qualcuno, il suo VICINO deve poter vedere questo POST e riconoscere il cane per potermi avvertire.<\/p>\n<p>Questo Setter di 2 anni, con MICROCHIP, manca da casa, in Via Pantanone- Roccadarce (Fr), dal 14 di Marzo. Ho quasi abbandonato l&#039;ipotesi di un allontanamento volontario con successivo smarrimento.<\/p>\n<p>L&#039;ho cercato ovunque senza successo e nessuno in zona lo ha neppure intravisto, ragion per cui ho iniziato ad ipotizzare altre cause.<\/p>\n<p>Pertanto  nella Giornata odierna del 19 marzo ho effettuato DENUNCIA PRESSO I CARABIERI.<\/p>\n<p>Se qualcuno lo detiene trovi il modo di riportarlo dove lo ha  incontrato.<br \/>\nE SAPPIA CHE NON SMETTER\u00d2 MAI DI CERCARLO!!!!<\/p>\n<p>Un atto di coscienza dovrebbe portare a considerare quale grande LEGAME di AFFETTO si crei con un cucciolone cos\u00ec dolce e la  SOFFERENZA che si arreca a chi \u00e8 costretto ad una separazione cos\u00ec forzosa.<\/p>\n<p>Ringrazio di cuore tutte le persone che hanno gi\u00e0 manifestato grande attenzione  ed hanno condiviso il precendente appello e ringrazio anticipatamente coloro che mi daranno una mano.<\/p>\n<p>Ti chiedo cortesemente altro sforzo.<\/p>\n<p>Cell. 3386059436<\/p>\n","protected":false},"author":2805,"featured_media":4781,"comment_status":"1","ping_status":"closed","template":"","meta":[],"categories":[122],"razza":[13],"provincia":[106],"class_list":["post-4780","smarriti","type-smarriti","status-publish","has-post-thumbnail","hentry","category-insoluto","razza-setter-inglese","provincia-fr"],"jetpack_sharing_enabled":true,"_links":{"self":[{"href":"https:\/\/www.canismarritietrovati.it\/en\/wp-json\/wp\/v2\/smarriti\/4780","targetHints":{"allow":["GET"]}}],"collection":[{"href":"https:\/\/www.canismarritietrovati.it\/en\/wp-json\/wp\/v2\/smarriti"}],"about":[{"href":"https:\/\/www.canismarritietrovati.it\/en\/wp-json\/wp\/v2\/types\/smarriti"}],"author":[{"embeddable":true,"href":"https:\/\/www.canismarritietrovati.it\/en\/wp-json\/wp\/v2\/users\/2805"}],"replies":[{"embeddable":true,"href":"https:\/\/www.canismarritietrovati.it\/en\/wp-json\/wp\/v2\/comments?post=4780"}],"wp:featuredmedia":[{"embeddable":true,"href":"https:\/\/www.canismarritietrovati.it\/en\/wp-json\/wp\/v2\/media\/4781"}],"wp:attachment":[{"href":"https:\/\/www.canismarritietrovati.it\/en\/wp-json\/wp\/v2\/media?parent=4780"}],"wp:term":[{"taxonomy":"category","embeddable":true,"href":"https:\/\/www.canismarritietrovati.it\/en\/wp-json\/wp\/v2\/categories?post=4780"},{"taxonomy":"razza","embeddable":true,"href":"https:\/\/www.canismarritietrovati.it\/en\/wp-json\/wp\/v2\/razza?post=4780"},{"taxonomy":"provincia","embeddable":true,"href":"https:\/\/www.canismarritietrovati.it\/en\/wp-json\/wp\/v2\/provincia?post=4780"}],"curies":[{"name":"wp","href":"https:\/\/api.w.org\/{rel}","templated":true}]}}

<p>AIUTAMI ALLA MASSIMA CONDIVISIONE<br />
per avere più opportunità di ritrovarlo.</p>
<p>Se è stato PRESO da qualcuno, il suo VICINO deve poter vedere questo POST e riconoscere il cane per potermi avvertire.</p>
<p>Questo Setter di 2 anni, con MICROCHIP, manca da casa, in Via Pantanone- Roccadarce (Fr), dal 14 di Marzo. Ho quasi abbandonato l&#039;ipotesi di un allontanamento volontario con successivo smarrimento.</p>
<p>L&#039;ho cercato ovunque senza successo e nessuno in zona lo ha neppure intravisto, ragion per cui ho iniziato ad ipotizzare altre cause.</p>
<p>Pertanto  nella Giornata odierna del 19 marzo ho effettuato DENUNCIA PRESSO I CARABIERI.</p>
<p>Se qualcuno lo detiene trovi il modo di riportarlo dove lo ha  incontrato.<br />
E SAPPIA CHE NON SMETTERÒ MAI DI CERCARLO!!!!</p>
<p>Un atto di coscienza dovrebbe portare a considerare quale grande LEGAME di AFFETTO si crei con un cucciolone così dolce e la  SOFFERENZA che si arreca a chi è costretto ad una separazione così forzosa.</p>
<p>Ringrazio di cuore tutte le persone che hanno già manifestato grande attenzione  ed hanno condiviso il precendente appello e ringrazio anticipatamente coloro che mi daranno una mano.</p>
<p>Ti chiedo cortesemente altro sforzo.</p>
<p>Cell. 3386059436</p>
