{"id":4764,"date":"2024-04-09T09:16:56","date_gmt":"2024-04-09T07:16:56","guid":{"rendered":"https:\/\/www.canismarritietrovati.it\/smarriti\/briseide\/"},"modified":"2024-04-09T09:16:56","modified_gmt":"2024-04-09T07:16:56","slug":"briseide","status":"publish","type":"smarriti","link":"https:\/\/www.canismarritietrovati.it\/en\/smarriti\/briseide\/","title":{"rendered":"Briseide"},"content":{"rendered":"<p>Aiutatemi a trovare la mia Briseide vi prego! Si \u00e8 persa ieri alle 16 in zona cioccati\/ zucchetti non \u00e8 la sua zona era a casa di un amica la cagnolina \u00e8 nata in casa nostra ed \u00e8 incinta da pochi giorni e segue una terapia per la schiena. \u00c8 stata avvistata mi dicono&#8230;ma non si fa prendere. Stiamo cercando aiutatemi.<\/p>\n","protected":false},"author":2800,"featured_media":4765,"comment_status":"1","ping_status":"closed","template":"","meta":[],"categories":[122],"razza":[422],"provincia":[101],"class_list":["post-4764","smarriti","type-smarriti","status-publish","has-post-thumbnail","hentry","category-insoluto","razza-spitz-tedeschi-piccolo-arancio-grigio-o-altri-colori","provincia-lazio"],"jetpack_sharing_enabled":true,"_links":{"self":[{"href":"https:\/\/www.canismarritietrovati.it\/en\/wp-json\/wp\/v2\/smarriti\/4764","targetHints":{"allow":["GET"]}}],"collection":[{"href":"https:\/\/www.canismarritietrovati.it\/en\/wp-json\/wp\/v2\/smarriti"}],"about":[{"href":"https:\/\/www.canismarritietrovati.it\/en\/wp-json\/wp\/v2\/types\/smarriti"}],"author":[{"embeddable":true,"href":"https:\/\/www.canismarritietrovati.it\/en\/wp-json\/wp\/v2\/users\/2800"}],"replies":[{"embeddable":true,"href":"https:\/\/www.canismarritietrovati.it\/en\/wp-json\/wp\/v2\/comments?post=4764"}],"wp:featuredmedia":[{"embeddable":true,"href":"https:\/\/www.canismarritietrovati.it\/en\/wp-json\/wp\/v2\/media\/4765"}],"wp:attachment":[{"href":"https:\/\/www.canismarritietrovati.it\/en\/wp-json\/wp\/v2\/media?parent=4764"}],"wp:term":[{"taxonomy":"category","embeddable":true,"href":"https:\/\/www.canismarritietrovati.it\/en\/wp-json\/wp\/v2\/categories?post=4764"},{"taxonomy":"razza","embeddable":true,"href":"https:\/\/www.canismarritietrovati.it\/en\/wp-json\/wp\/v2\/razza?post=4764"},{"taxonomy":"provincia","embeddable":true,"href":"https:\/\/www.canismarritietrovati.it\/en\/wp-json\/wp\/v2\/provincia?post=4764"}],"curies":[{"name":"wp","href":"https:\/\/api.w.org\/{rel}","templated":true}]}}

<p>Aiutatemi a trovare la mia Briseide vi prego! Si è persa ieri alle 16 in zona cioccati/ zucchetti non è la sua zona era a casa di un amica la cagnolina è nata in casa nostra ed è incinta da pochi giorni e segue una terapia per la schiena. È stata avvistata mi dicono&#8230;ma non si fa prendere. Stiamo cercando aiutatemi.</p>
