{"id":4709,"date":"2024-03-28T15:33:36","date_gmt":"2024-03-28T14:33:36","guid":{"rendered":"https:\/\/www.canismarritietrovati.it\/smarriti\/bicio\/"},"modified":"2024-03-28T15:33:36","modified_gmt":"2024-03-28T14:33:36","slug":"bicio","status":"publish","type":"smarriti","link":"https:\/\/www.canismarritietrovati.it\/en\/smarriti\/bicio\/","title":{"rendered":"Bicio"},"content":{"rendered":"<p>Il nostro cagnolino \u00e8 stranamente scomparso la sera del 14 marzo. Non si \u00e8 mai allontanato da casa, specialmente con il buio, per questo motivo abbiamo il sospetto che qualcuno c&#039;\u00e8 lo abbia rubato. Vi prego di contattarmi in caso di avvistamenti! <\/p>\n","protected":false},"author":2792,"featured_media":4710,"comment_status":"1","ping_status":"closed","template":"","meta":[],"categories":[122],"razza":[354],"provincia":[57],"class_list":["post-4709","smarriti","type-smarriti","status-publish","has-post-thumbnail","hentry","category-insoluto","razza-yorkshire-terrier","provincia-tv"],"jetpack_sharing_enabled":true,"_links":{"self":[{"href":"https:\/\/www.canismarritietrovati.it\/en\/wp-json\/wp\/v2\/smarriti\/4709","targetHints":{"allow":["GET"]}}],"collection":[{"href":"https:\/\/www.canismarritietrovati.it\/en\/wp-json\/wp\/v2\/smarriti"}],"about":[{"href":"https:\/\/www.canismarritietrovati.it\/en\/wp-json\/wp\/v2\/types\/smarriti"}],"author":[{"embeddable":true,"href":"https:\/\/www.canismarritietrovati.it\/en\/wp-json\/wp\/v2\/users\/2792"}],"replies":[{"embeddable":true,"href":"https:\/\/www.canismarritietrovati.it\/en\/wp-json\/wp\/v2\/comments?post=4709"}],"wp:featuredmedia":[{"embeddable":true,"href":"https:\/\/www.canismarritietrovati.it\/en\/wp-json\/wp\/v2\/media\/4710"}],"wp:attachment":[{"href":"https:\/\/www.canismarritietrovati.it\/en\/wp-json\/wp\/v2\/media?parent=4709"}],"wp:term":[{"taxonomy":"category","embeddable":true,"href":"https:\/\/www.canismarritietrovati.it\/en\/wp-json\/wp\/v2\/categories?post=4709"},{"taxonomy":"razza","embeddable":true,"href":"https:\/\/www.canismarritietrovati.it\/en\/wp-json\/wp\/v2\/razza?post=4709"},{"taxonomy":"provincia","embeddable":true,"href":"https:\/\/www.canismarritietrovati.it\/en\/wp-json\/wp\/v2\/provincia?post=4709"}],"curies":[{"name":"wp","href":"https:\/\/api.w.org\/{rel}","templated":true}]}}

<p>Il nostro cagnolino è stranamente scomparso la sera del 14 marzo. Non si è mai allontanato da casa, specialmente con il buio, per questo motivo abbiamo il sospetto che qualcuno c&#039;è lo abbia rubato. Vi prego di contattarmi in caso di avvistamenti! </p>
