{"id":4632,"date":"2024-03-22T21:31:08","date_gmt":"2024-03-22T20:31:08","guid":{"rendered":"https:\/\/www.canismarritietrovati.it\/smarriti\/pongo-3\/"},"modified":"2024-03-22T21:31:08","modified_gmt":"2024-03-22T20:31:08","slug":"pongo-3","status":"publish","type":"smarriti","link":"https:\/\/www.canismarritietrovati.it\/en\/smarriti\/pongo-3\/","title":{"rendered":"Pongo"},"content":{"rendered":"<p>La zona in cui si \u00e8 smarrito \u00e8 contrada San Lorenzo. Ha il chip ed ha un collare celeste. \u00c8 molto socievole e si lascia avvicinare facilmente<\/p>\n","protected":false},"author":2782,"featured_media":4633,"comment_status":"1","ping_status":"closed","template":"","meta":[],"categories":[122],"razza":[297],"provincia":[97],"class_list":["post-4632","smarriti","type-smarriti","status-publish","has-post-thumbnail","hentry","category-insoluto","razza-pinscher","provincia-an"],"jetpack_sharing_enabled":true,"_links":{"self":[{"href":"https:\/\/www.canismarritietrovati.it\/en\/wp-json\/wp\/v2\/smarriti\/4632","targetHints":{"allow":["GET"]}}],"collection":[{"href":"https:\/\/www.canismarritietrovati.it\/en\/wp-json\/wp\/v2\/smarriti"}],"about":[{"href":"https:\/\/www.canismarritietrovati.it\/en\/wp-json\/wp\/v2\/types\/smarriti"}],"author":[{"embeddable":true,"href":"https:\/\/www.canismarritietrovati.it\/en\/wp-json\/wp\/v2\/users\/2782"}],"replies":[{"embeddable":true,"href":"https:\/\/www.canismarritietrovati.it\/en\/wp-json\/wp\/v2\/comments?post=4632"}],"wp:featuredmedia":[{"embeddable":true,"href":"https:\/\/www.canismarritietrovati.it\/en\/wp-json\/wp\/v2\/media\/4633"}],"wp:attachment":[{"href":"https:\/\/www.canismarritietrovati.it\/en\/wp-json\/wp\/v2\/media?parent=4632"}],"wp:term":[{"taxonomy":"category","embeddable":true,"href":"https:\/\/www.canismarritietrovati.it\/en\/wp-json\/wp\/v2\/categories?post=4632"},{"taxonomy":"razza","embeddable":true,"href":"https:\/\/www.canismarritietrovati.it\/en\/wp-json\/wp\/v2\/razza?post=4632"},{"taxonomy":"provincia","embeddable":true,"href":"https:\/\/www.canismarritietrovati.it\/en\/wp-json\/wp\/v2\/provincia?post=4632"}],"curies":[{"name":"wp","href":"https:\/\/api.w.org\/{rel}","templated":true}]}}

<p>La zona in cui si è smarrito è contrada San Lorenzo. Ha il chip ed ha un collare celeste. È molto socievole e si lascia avvicinare facilmente</p>
