{"id":4627,"date":"2024-03-22T21:22:08","date_gmt":"2024-03-22T20:22:08","guid":{"rendered":"https:\/\/www.canismarritietrovati.it\/smarriti\/connor\/"},"modified":"2024-03-22T21:22:08","modified_gmt":"2024-03-22T20:22:08","slug":"connor","status":"publish","type":"smarriti","link":"https:\/\/www.canismarritietrovati.it\/en\/smarriti\/connor\/","title":{"rendered":"Connor"},"content":{"rendered":"<p>Connor perso tra Rapagnano e Torre San Patrizio, si \u00e8 allontanato seguendo dei maremmani che stanno a guardia di un gregge e non \u00e8 pi\u00f9 tornato,ha il microchip.<\/p>\n","protected":false},"author":2782,"featured_media":4628,"comment_status":"1","ping_status":"closed","template":"","meta":[],"categories":[122],"razza":[17],"provincia":[100],"class_list":["post-4627","smarriti","type-smarriti","status-publish","has-post-thumbnail","hentry","category-insoluto","razza-bearded-collie","provincia-fm"],"jetpack_sharing_enabled":true,"_links":{"self":[{"href":"https:\/\/www.canismarritietrovati.it\/en\/wp-json\/wp\/v2\/smarriti\/4627","targetHints":{"allow":["GET"]}}],"collection":[{"href":"https:\/\/www.canismarritietrovati.it\/en\/wp-json\/wp\/v2\/smarriti"}],"about":[{"href":"https:\/\/www.canismarritietrovati.it\/en\/wp-json\/wp\/v2\/types\/smarriti"}],"author":[{"embeddable":true,"href":"https:\/\/www.canismarritietrovati.it\/en\/wp-json\/wp\/v2\/users\/2782"}],"replies":[{"embeddable":true,"href":"https:\/\/www.canismarritietrovati.it\/en\/wp-json\/wp\/v2\/comments?post=4627"}],"wp:featuredmedia":[{"embeddable":true,"href":"https:\/\/www.canismarritietrovati.it\/en\/wp-json\/wp\/v2\/media\/4628"}],"wp:attachment":[{"href":"https:\/\/www.canismarritietrovati.it\/en\/wp-json\/wp\/v2\/media?parent=4627"}],"wp:term":[{"taxonomy":"category","embeddable":true,"href":"https:\/\/www.canismarritietrovati.it\/en\/wp-json\/wp\/v2\/categories?post=4627"},{"taxonomy":"razza","embeddable":true,"href":"https:\/\/www.canismarritietrovati.it\/en\/wp-json\/wp\/v2\/razza?post=4627"},{"taxonomy":"provincia","embeddable":true,"href":"https:\/\/www.canismarritietrovati.it\/en\/wp-json\/wp\/v2\/provincia?post=4627"}],"curies":[{"name":"wp","href":"https:\/\/api.w.org\/{rel}","templated":true}]}}

<p>Connor perso tra Rapagnano e Torre San Patrizio, si è allontanato seguendo dei maremmani che stanno a guardia di un gregge e non è più tornato,ha il microchip.</p>
