{"id":4609,"date":"2024-03-22T15:45:01","date_gmt":"2024-03-22T14:45:01","guid":{"rendered":"https:\/\/www.canismarritietrovati.it\/smarriti\/casper-2\/"},"modified":"2024-03-22T15:45:01","modified_gmt":"2024-03-22T14:45:01","slug":"casper-2","status":"publish","type":"smarriti","link":"https:\/\/www.canismarritietrovati.it\/en\/smarriti\/casper-2\/","title":{"rendered":"Casper"},"content":{"rendered":"<p>CASPER smarrito a Pergola in localit\u00e0 Percozzone. Uscito a fare i bisogni, non \u00e9 pi\u00f9 tornato. <\/p>\n","protected":false},"author":2782,"featured_media":4610,"comment_status":"1","ping_status":"closed","template":"","meta":[],"categories":[122],"razza":[511],"provincia":[96],"class_list":["post-4609","smarriti","type-smarriti","status-publish","has-post-thumbnail","hentry","category-insoluto","razza-meticcio","provincia-pu"],"jetpack_sharing_enabled":true,"_links":{"self":[{"href":"https:\/\/www.canismarritietrovati.it\/en\/wp-json\/wp\/v2\/smarriti\/4609","targetHints":{"allow":["GET"]}}],"collection":[{"href":"https:\/\/www.canismarritietrovati.it\/en\/wp-json\/wp\/v2\/smarriti"}],"about":[{"href":"https:\/\/www.canismarritietrovati.it\/en\/wp-json\/wp\/v2\/types\/smarriti"}],"author":[{"embeddable":true,"href":"https:\/\/www.canismarritietrovati.it\/en\/wp-json\/wp\/v2\/users\/2782"}],"replies":[{"embeddable":true,"href":"https:\/\/www.canismarritietrovati.it\/en\/wp-json\/wp\/v2\/comments?post=4609"}],"wp:featuredmedia":[{"embeddable":true,"href":"https:\/\/www.canismarritietrovati.it\/en\/wp-json\/wp\/v2\/media\/4610"}],"wp:attachment":[{"href":"https:\/\/www.canismarritietrovati.it\/en\/wp-json\/wp\/v2\/media?parent=4609"}],"wp:term":[{"taxonomy":"category","embeddable":true,"href":"https:\/\/www.canismarritietrovati.it\/en\/wp-json\/wp\/v2\/categories?post=4609"},{"taxonomy":"razza","embeddable":true,"href":"https:\/\/www.canismarritietrovati.it\/en\/wp-json\/wp\/v2\/razza?post=4609"},{"taxonomy":"provincia","embeddable":true,"href":"https:\/\/www.canismarritietrovati.it\/en\/wp-json\/wp\/v2\/provincia?post=4609"}],"curies":[{"name":"wp","href":"https:\/\/api.w.org\/{rel}","templated":true}]}}

<p>CASPER smarrito a Pergola in località Percozzone. Uscito a fare i bisogni, non é più tornato. </p>
