{"id":4592,"date":"2024-03-21T08:59:33","date_gmt":"2024-03-21T07:59:33","guid":{"rendered":"https:\/\/www.canismarritietrovati.it\/smarriti\/polly\/"},"modified":"2024-03-24T20:30:23","modified_gmt":"2024-03-24T19:30:23","slug":"polly","status":"publish","type":"smarriti","link":"https:\/\/www.canismarritietrovati.it\/en\/smarriti\/polly\/","title":{"rendered":"Polly"},"content":{"rendered":"<p>\ud83c\udfe1\ud83d\udc15 POLLY E&#39; TORNATA A CASA \ud83c\udf8a\u2764\ufe0f<\/p>\n<p>Polly smarrita ieri verso le 17\/17.30 circa.<br \/>\n\u00c8 stata avvistata due volte nel Cremasco verso scannabue, Cascine, Pandino, Spino&#8230; Sar\u00e0 spaventata e non si lascer\u00e0 avvicinare facilmente.  <\/p>\n","protected":false},"author":2781,"featured_media":4594,"comment_status":"1","ping_status":"closed","template":"","meta":[],"categories":[123],"razza":[511],"provincia":[45],"class_list":["post-4592","smarriti","type-smarriti","status-publish","has-post-thumbnail","hentry","category-risolto","razza-meticcio","provincia-cr"],"jetpack_sharing_enabled":true,"_links":{"self":[{"href":"https:\/\/www.canismarritietrovati.it\/en\/wp-json\/wp\/v2\/smarriti\/4592","targetHints":{"allow":["GET"]}}],"collection":[{"href":"https:\/\/www.canismarritietrovati.it\/en\/wp-json\/wp\/v2\/smarriti"}],"about":[{"href":"https:\/\/www.canismarritietrovati.it\/en\/wp-json\/wp\/v2\/types\/smarriti"}],"author":[{"embeddable":true,"href":"https:\/\/www.canismarritietrovati.it\/en\/wp-json\/wp\/v2\/users\/2781"}],"replies":[{"embeddable":true,"href":"https:\/\/www.canismarritietrovati.it\/en\/wp-json\/wp\/v2\/comments?post=4592"}],"wp:featuredmedia":[{"embeddable":true,"href":"https:\/\/www.canismarritietrovati.it\/en\/wp-json\/wp\/v2\/media\/4594"}],"wp:attachment":[{"href":"https:\/\/www.canismarritietrovati.it\/en\/wp-json\/wp\/v2\/media?parent=4592"}],"wp:term":[{"taxonomy":"category","embeddable":true,"href":"https:\/\/www.canismarritietrovati.it\/en\/wp-json\/wp\/v2\/categories?post=4592"},{"taxonomy":"razza","embeddable":true,"href":"https:\/\/www.canismarritietrovati.it\/en\/wp-json\/wp\/v2\/razza?post=4592"},{"taxonomy":"provincia","embeddable":true,"href":"https:\/\/www.canismarritietrovati.it\/en\/wp-json\/wp\/v2\/provincia?post=4592"}],"curies":[{"name":"wp","href":"https:\/\/api.w.org\/{rel}","templated":true}]}}

<p>🏡🐕 POLLY E&#39; TORNATA A CASA 🎊❤️</p>
<p>Polly smarrita ieri verso le 17/17.30 circa.<br />
È stata avvistata due volte nel Cremasco verso scannabue, Cascine, Pandino, Spino&#8230; Sarà spaventata e non si lascerà avvicinare facilmente.  </p>
