{"id":4478,"date":"2024-03-02T19:29:04","date_gmt":"2024-03-02T18:29:04","guid":{"rendered":"https:\/\/www.canismarritietrovati.it\/smarriti\/minu\/"},"modified":"2024-03-04T10:13:31","modified_gmt":"2024-03-04T09:13:31","slug":"minu","status":"publish","type":"smarriti","link":"https:\/\/www.canismarritietrovati.it\/en\/smarriti\/minu\/","title":{"rendered":"MINU&#8217;"},"content":{"rendered":"<p dir=\"ltr\">\ud83c\udfe1\ud83d\udc15 MIN\u00d9 \u00c8 TORNATA A CASA \u2764\ufe0f\ud83c\udf88\ud83c\udf89<\/p>\n<p>Min\u00f9 \u00e8 scappata con Bubu il pomeriggio alle 17 del 29 febbraio. La mattina del 1 marzo \u00e8 stato recuperato Bubu. l&#8217;ultimo avvistamento di Min\u00f9 \u00e8 stato su Via Chiana direzione Corso Trieste alle 20 del 1 marzo. Poi nessun&#8217;altra segnalazione. Potrebbe aver cambiato zona. Cerchiamo ovunque. Indossa pettorina e collare rosa con medaglietta. Microchippata<\/p>\n","protected":false},"author":4,"featured_media":4479,"comment_status":"1","ping_status":"closed","template":"","meta":[],"categories":[123],"razza":[511],"provincia":[104],"class_list":["post-4478","smarriti","type-smarriti","status-publish","has-post-thumbnail","hentry","category-risolto","razza-meticcio","provincia-rm"],"jetpack_sharing_enabled":true,"_links":{"self":[{"href":"https:\/\/www.canismarritietrovati.it\/en\/wp-json\/wp\/v2\/smarriti\/4478","targetHints":{"allow":["GET"]}}],"collection":[{"href":"https:\/\/www.canismarritietrovati.it\/en\/wp-json\/wp\/v2\/smarriti"}],"about":[{"href":"https:\/\/www.canismarritietrovati.it\/en\/wp-json\/wp\/v2\/types\/smarriti"}],"author":[{"embeddable":true,"href":"https:\/\/www.canismarritietrovati.it\/en\/wp-json\/wp\/v2\/users\/4"}],"replies":[{"embeddable":true,"href":"https:\/\/www.canismarritietrovati.it\/en\/wp-json\/wp\/v2\/comments?post=4478"}],"wp:featuredmedia":[{"embeddable":true,"href":"https:\/\/www.canismarritietrovati.it\/en\/wp-json\/wp\/v2\/media\/4479"}],"wp:attachment":[{"href":"https:\/\/www.canismarritietrovati.it\/en\/wp-json\/wp\/v2\/media?parent=4478"}],"wp:term":[{"taxonomy":"category","embeddable":true,"href":"https:\/\/www.canismarritietrovati.it\/en\/wp-json\/wp\/v2\/categories?post=4478"},{"taxonomy":"razza","embeddable":true,"href":"https:\/\/www.canismarritietrovati.it\/en\/wp-json\/wp\/v2\/razza?post=4478"},{"taxonomy":"provincia","embeddable":true,"href":"https:\/\/www.canismarritietrovati.it\/en\/wp-json\/wp\/v2\/provincia?post=4478"}],"curies":[{"name":"wp","href":"https:\/\/api.w.org\/{rel}","templated":true}]}}

<p dir="ltr">🏡🐕 MINÙ È TORNATA A CASA ❤️🎈🎉</p>
<p>Minù è scappata con Bubu il pomeriggio alle 17 del 29 febbraio. La mattina del 1 marzo è stato recuperato Bubu. l&#8217;ultimo avvistamento di Minù è stato su Via Chiana direzione Corso Trieste alle 20 del 1 marzo. Poi nessun&#8217;altra segnalazione. Potrebbe aver cambiato zona. Cerchiamo ovunque. Indossa pettorina e collare rosa con medaglietta. Microchippata</p>
