{"id":4448,"date":"2024-02-26T20:12:21","date_gmt":"2024-02-26T19:12:21","guid":{"rendered":"https:\/\/www.canismarritietrovati.it\/smarriti\/sky-2\/"},"modified":"2024-02-26T20:15:39","modified_gmt":"2024-02-26T19:15:39","slug":"sky-2","status":"publish","type":"smarriti","link":"https:\/\/www.canismarritietrovati.it\/en\/smarriti\/sky-2\/","title":{"rendered":"Sky"},"content":{"rendered":"<p>Sky si \u00e8 allontanata di casa dal 12 febbraio zona Badia, Ceccano. L&#039;ultima volta \u00e8 stata vista domenica 18 febbraio su una strada che pu\u00f2 portare verso Castro. Pensiamo si sia allontanata. Ha il microchip ma non indossa il collare. Per eventuali segnalazioni potete contattarmi, anche per messaggio, a qualsiasi ora: 3337944631. Grazie mille.<\/p>\n","protected":false},"author":2752,"featured_media":4449,"comment_status":"1","ping_status":"closed","template":"","meta":[],"categories":[122],"razza":[511],"provincia":[106],"class_list":["post-4448","smarriti","type-smarriti","status-publish","has-post-thumbnail","hentry","category-insoluto","razza-meticcio","provincia-fr"],"jetpack_sharing_enabled":true,"_links":{"self":[{"href":"https:\/\/www.canismarritietrovati.it\/en\/wp-json\/wp\/v2\/smarriti\/4448","targetHints":{"allow":["GET"]}}],"collection":[{"href":"https:\/\/www.canismarritietrovati.it\/en\/wp-json\/wp\/v2\/smarriti"}],"about":[{"href":"https:\/\/www.canismarritietrovati.it\/en\/wp-json\/wp\/v2\/types\/smarriti"}],"author":[{"embeddable":true,"href":"https:\/\/www.canismarritietrovati.it\/en\/wp-json\/wp\/v2\/users\/2752"}],"replies":[{"embeddable":true,"href":"https:\/\/www.canismarritietrovati.it\/en\/wp-json\/wp\/v2\/comments?post=4448"}],"wp:featuredmedia":[{"embeddable":true,"href":"https:\/\/www.canismarritietrovati.it\/en\/wp-json\/wp\/v2\/media\/4449"}],"wp:attachment":[{"href":"https:\/\/www.canismarritietrovati.it\/en\/wp-json\/wp\/v2\/media?parent=4448"}],"wp:term":[{"taxonomy":"category","embeddable":true,"href":"https:\/\/www.canismarritietrovati.it\/en\/wp-json\/wp\/v2\/categories?post=4448"},{"taxonomy":"razza","embeddable":true,"href":"https:\/\/www.canismarritietrovati.it\/en\/wp-json\/wp\/v2\/razza?post=4448"},{"taxonomy":"provincia","embeddable":true,"href":"https:\/\/www.canismarritietrovati.it\/en\/wp-json\/wp\/v2\/provincia?post=4448"}],"curies":[{"name":"wp","href":"https:\/\/api.w.org\/{rel}","templated":true}]}}

<p>Sky si è allontanata di casa dal 12 febbraio zona Badia, Ceccano. L&#039;ultima volta è stata vista domenica 18 febbraio su una strada che può portare verso Castro. Pensiamo si sia allontanata. Ha il microchip ma non indossa il collare. Per eventuali segnalazioni potete contattarmi, anche per messaggio, a qualsiasi ora: 3337944631. Grazie mille.</p>
