{"id":4335,"date":"2024-02-11T23:14:30","date_gmt":"2024-02-11T22:14:30","guid":{"rendered":"https:\/\/www.canismarritietrovati.it\/smarriti\/mya-2\/"},"modified":"2024-02-11T23:14:30","modified_gmt":"2024-02-11T22:14:30","slug":"mya-2","status":"publish","type":"smarriti","link":"https:\/\/www.canismarritietrovati.it\/en\/smarriti\/mya-2\/","title":{"rendered":"Mya"},"content":{"rendered":"<p>Mya \u00e8 scappata di casa il 5\/2\/2024 a Capriano del colle ,l hanno vista tutto luned\u00ec tra i campi di Pontegatello.<br \/>\nC&#039;\u00e8 stato ancora qualche avvistamento tra martedi 6 mattina  e mercoled\u00ec 7 sempre mattina poi pi\u00f9 vista .<\/p>\n","protected":false},"author":2732,"featured_media":4336,"comment_status":"1","ping_status":"closed","template":"","meta":[],"categories":[122],"razza":[511],"provincia":[43],"class_list":["post-4335","smarriti","type-smarriti","status-publish","has-post-thumbnail","hentry","category-insoluto","razza-meticcio","provincia-bs"],"jetpack_sharing_enabled":true,"_links":{"self":[{"href":"https:\/\/www.canismarritietrovati.it\/en\/wp-json\/wp\/v2\/smarriti\/4335","targetHints":{"allow":["GET"]}}],"collection":[{"href":"https:\/\/www.canismarritietrovati.it\/en\/wp-json\/wp\/v2\/smarriti"}],"about":[{"href":"https:\/\/www.canismarritietrovati.it\/en\/wp-json\/wp\/v2\/types\/smarriti"}],"author":[{"embeddable":true,"href":"https:\/\/www.canismarritietrovati.it\/en\/wp-json\/wp\/v2\/users\/2732"}],"replies":[{"embeddable":true,"href":"https:\/\/www.canismarritietrovati.it\/en\/wp-json\/wp\/v2\/comments?post=4335"}],"wp:featuredmedia":[{"embeddable":true,"href":"https:\/\/www.canismarritietrovati.it\/en\/wp-json\/wp\/v2\/media\/4336"}],"wp:attachment":[{"href":"https:\/\/www.canismarritietrovati.it\/en\/wp-json\/wp\/v2\/media?parent=4335"}],"wp:term":[{"taxonomy":"category","embeddable":true,"href":"https:\/\/www.canismarritietrovati.it\/en\/wp-json\/wp\/v2\/categories?post=4335"},{"taxonomy":"razza","embeddable":true,"href":"https:\/\/www.canismarritietrovati.it\/en\/wp-json\/wp\/v2\/razza?post=4335"},{"taxonomy":"provincia","embeddable":true,"href":"https:\/\/www.canismarritietrovati.it\/en\/wp-json\/wp\/v2\/provincia?post=4335"}],"curies":[{"name":"wp","href":"https:\/\/api.w.org\/{rel}","templated":true}]}}

<p>Mya è scappata di casa il 5/2/2024 a Capriano del colle ,l hanno vista tutto lunedì tra i campi di Pontegatello.<br />
C&#039;è stato ancora qualche avvistamento tra martedi 6 mattina  e mercoledì 7 sempre mattina poi più vista .</p>
