{"id":4205,"date":"2024-01-24T11:46:32","date_gmt":"2024-01-24T10:46:32","guid":{"rendered":"https:\/\/www.canismarritietrovati.it\/smarriti\/sheela\/"},"modified":"2024-01-26T19:54:48","modified_gmt":"2024-01-26T18:54:48","slug":"sheela","status":"publish","type":"smarriti","link":"https:\/\/www.canismarritietrovati.it\/en\/smarriti\/sheela\/","title":{"rendered":"SHEELA"},"content":{"rendered":"<p>\ud83d\ude22 PURTROPPO SHEELA E&#39; STATA RITROVATA SENZA VITA \ud83c\udf08 R.I.P.<br \/>\nSheela \u00e8 di taglia media, con un mantello grigio argentato. \u00c8 molto affettuosa e va\u2019 d\u2019accordo sia con persone e animali. Siamo preoccupati per lei e vorremmo riabbracciarla al pi\u00f9 presto. Al momento in cui \u00e8 scappata era sprovvista di collare ma \u00e8 dotata di microchip.<\/p>\n","protected":false},"author":2699,"featured_media":4206,"comment_status":"1","ping_status":"closed","template":"","meta":[],"categories":[651,122],"razza":[603],"provincia":[54],"class_list":["post-4205","smarriti","type-smarriti","status-publish","has-post-thumbnail","hentry","category-deceduto","category-insoluto","razza-weimaraner-a-pelo-corto","provincia-vr"],"jetpack_sharing_enabled":true,"_links":{"self":[{"href":"https:\/\/www.canismarritietrovati.it\/en\/wp-json\/wp\/v2\/smarriti\/4205","targetHints":{"allow":["GET"]}}],"collection":[{"href":"https:\/\/www.canismarritietrovati.it\/en\/wp-json\/wp\/v2\/smarriti"}],"about":[{"href":"https:\/\/www.canismarritietrovati.it\/en\/wp-json\/wp\/v2\/types\/smarriti"}],"author":[{"embeddable":true,"href":"https:\/\/www.canismarritietrovati.it\/en\/wp-json\/wp\/v2\/users\/2699"}],"replies":[{"embeddable":true,"href":"https:\/\/www.canismarritietrovati.it\/en\/wp-json\/wp\/v2\/comments?post=4205"}],"wp:featuredmedia":[{"embeddable":true,"href":"https:\/\/www.canismarritietrovati.it\/en\/wp-json\/wp\/v2\/media\/4206"}],"wp:attachment":[{"href":"https:\/\/www.canismarritietrovati.it\/en\/wp-json\/wp\/v2\/media?parent=4205"}],"wp:term":[{"taxonomy":"category","embeddable":true,"href":"https:\/\/www.canismarritietrovati.it\/en\/wp-json\/wp\/v2\/categories?post=4205"},{"taxonomy":"razza","embeddable":true,"href":"https:\/\/www.canismarritietrovati.it\/en\/wp-json\/wp\/v2\/razza?post=4205"},{"taxonomy":"provincia","embeddable":true,"href":"https:\/\/www.canismarritietrovati.it\/en\/wp-json\/wp\/v2\/provincia?post=4205"}],"curies":[{"name":"wp","href":"https:\/\/api.w.org\/{rel}","templated":true}]}}

<p>😢 PURTROPPO SHEELA E&#39; STATA RITROVATA SENZA VITA 🌈 R.I.P.<br />
Sheela è di taglia media, con un mantello grigio argentato. È molto affettuosa e va’ d’accordo sia con persone e animali. Siamo preoccupati per lei e vorremmo riabbracciarla al più presto. Al momento in cui è scappata era sprovvista di collare ma è dotata di microchip.</p>
