{"id":4088,"date":"2024-01-11T17:52:43","date_gmt":"2024-01-11T16:52:43","guid":{"rendered":"https:\/\/www.canismarritietrovati.it\/smarriti\/kira-9\/"},"modified":"2024-01-11T17:52:43","modified_gmt":"2024-01-11T16:52:43","slug":"kira-9","status":"publish","type":"smarriti","link":"https:\/\/www.canismarritietrovati.it\/en\/smarriti\/kira-9\/","title":{"rendered":"Kira"},"content":{"rendered":"<p>EMERGENZA&#8230; mi \u00e8 scappato il cane.. si chiama KIRA \u00e8 un incrocio tra pastore tedesco e labrador ed \u00e8 microchippato&#8230; Nella zona di cremolino (provincia di Alessandria) di via belletti 2&#8230; Porta un collare rosa con nome e numero di telefono&#8230; Aiutatemi grazie e sapete qualcosa non esitate a chiamarmi GRAZIE contatti al numero 3452420649\/3495444064<\/p>\n","protected":false},"author":2668,"featured_media":4089,"comment_status":"1","ping_status":"closed","template":"","meta":[],"categories":[122],"razza":[511],"provincia":[32],"class_list":["post-4088","smarriti","type-smarriti","status-publish","has-post-thumbnail","hentry","category-insoluto","razza-meticcio","provincia-al"],"jetpack_sharing_enabled":true,"_links":{"self":[{"href":"https:\/\/www.canismarritietrovati.it\/en\/wp-json\/wp\/v2\/smarriti\/4088","targetHints":{"allow":["GET"]}}],"collection":[{"href":"https:\/\/www.canismarritietrovati.it\/en\/wp-json\/wp\/v2\/smarriti"}],"about":[{"href":"https:\/\/www.canismarritietrovati.it\/en\/wp-json\/wp\/v2\/types\/smarriti"}],"author":[{"embeddable":true,"href":"https:\/\/www.canismarritietrovati.it\/en\/wp-json\/wp\/v2\/users\/2668"}],"replies":[{"embeddable":true,"href":"https:\/\/www.canismarritietrovati.it\/en\/wp-json\/wp\/v2\/comments?post=4088"}],"wp:featuredmedia":[{"embeddable":true,"href":"https:\/\/www.canismarritietrovati.it\/en\/wp-json\/wp\/v2\/media\/4089"}],"wp:attachment":[{"href":"https:\/\/www.canismarritietrovati.it\/en\/wp-json\/wp\/v2\/media?parent=4088"}],"wp:term":[{"taxonomy":"category","embeddable":true,"href":"https:\/\/www.canismarritietrovati.it\/en\/wp-json\/wp\/v2\/categories?post=4088"},{"taxonomy":"razza","embeddable":true,"href":"https:\/\/www.canismarritietrovati.it\/en\/wp-json\/wp\/v2\/razza?post=4088"},{"taxonomy":"provincia","embeddable":true,"href":"https:\/\/www.canismarritietrovati.it\/en\/wp-json\/wp\/v2\/provincia?post=4088"}],"curies":[{"name":"wp","href":"https:\/\/api.w.org\/{rel}","templated":true}]}}

<p>EMERGENZA&#8230; mi è scappato il cane.. si chiama KIRA è un incrocio tra pastore tedesco e labrador ed è microchippato&#8230; Nella zona di cremolino (provincia di Alessandria) di via belletti 2&#8230; Porta un collare rosa con nome e numero di telefono&#8230; Aiutatemi grazie e sapete qualcosa non esitate a chiamarmi GRAZIE contatti al numero 3452420649/3495444064</p>
