{"id":3818,"date":"2023-11-23T00:21:41","date_gmt":"2023-11-22T23:21:41","guid":{"rendered":"https:\/\/www.canismarritietrovati.it\/smarriti\/nocciola\/"},"modified":"2023-11-23T00:21:41","modified_gmt":"2023-11-22T23:21:41","slug":"nocciola","status":"publish","type":"smarriti","link":"https:\/\/www.canismarritietrovati.it\/en\/smarriti\/nocciola\/","title":{"rendered":"Nocciola"},"content":{"rendered":"<p>Nocciola \u00e8 uscita davanti casa (a Larino in contrada Monte Maulo n. 5) il 16\/11\/2023 e non \u00e8 pi\u00f9 rientrata. Pensiamo sia stata rubata e per questo probabilmente non \u00e8 pi\u00f9 in zona. Se qualcuno la trovasse pu\u00f2 contattarmi al 3474786236. Nocciola per noi \u00e8 casa, speriamo di trovarla presto.<\/p>\n","protected":false},"author":2613,"featured_media":3819,"comment_status":"1","ping_status":"closed","template":"","meta":[],"categories":[122],"razza":[358],"provincia":[113],"class_list":["post-3818","smarriti","type-smarriti","status-publish","has-post-thumbnail","hentry","category-insoluto","razza-bassotto-tedesco-kaninchen-a-pelo-lungo","provincia-cb"],"jetpack_sharing_enabled":true,"_links":{"self":[{"href":"https:\/\/www.canismarritietrovati.it\/en\/wp-json\/wp\/v2\/smarriti\/3818","targetHints":{"allow":["GET"]}}],"collection":[{"href":"https:\/\/www.canismarritietrovati.it\/en\/wp-json\/wp\/v2\/smarriti"}],"about":[{"href":"https:\/\/www.canismarritietrovati.it\/en\/wp-json\/wp\/v2\/types\/smarriti"}],"author":[{"embeddable":true,"href":"https:\/\/www.canismarritietrovati.it\/en\/wp-json\/wp\/v2\/users\/2613"}],"replies":[{"embeddable":true,"href":"https:\/\/www.canismarritietrovati.it\/en\/wp-json\/wp\/v2\/comments?post=3818"}],"wp:featuredmedia":[{"embeddable":true,"href":"https:\/\/www.canismarritietrovati.it\/en\/wp-json\/wp\/v2\/media\/3819"}],"wp:attachment":[{"href":"https:\/\/www.canismarritietrovati.it\/en\/wp-json\/wp\/v2\/media?parent=3818"}],"wp:term":[{"taxonomy":"category","embeddable":true,"href":"https:\/\/www.canismarritietrovati.it\/en\/wp-json\/wp\/v2\/categories?post=3818"},{"taxonomy":"razza","embeddable":true,"href":"https:\/\/www.canismarritietrovati.it\/en\/wp-json\/wp\/v2\/razza?post=3818"},{"taxonomy":"provincia","embeddable":true,"href":"https:\/\/www.canismarritietrovati.it\/en\/wp-json\/wp\/v2\/provincia?post=3818"}],"curies":[{"name":"wp","href":"https:\/\/api.w.org\/{rel}","templated":true}]}}

<p>Nocciola è uscita davanti casa (a Larino in contrada Monte Maulo n. 5) il 16/11/2023 e non è più rientrata. Pensiamo sia stata rubata e per questo probabilmente non è più in zona. Se qualcuno la trovasse può contattarmi al 3474786236. Nocciola per noi è casa, speriamo di trovarla presto.</p>
