{"id":3520,"date":"2023-10-15T02:17:42","date_gmt":"2023-10-15T00:17:42","guid":{"rendered":"https:\/\/www.canismarritietrovati.it\/smarriti\/jack-3\/"},"modified":"2023-10-15T02:31:52","modified_gmt":"2023-10-15T00:31:52","slug":"jack-3","status":"publish","type":"smarriti","link":"https:\/\/www.canismarritietrovati.it\/en\/smarriti\/jack-3\/","title":{"rendered":"Jack"},"content":{"rendered":"<p>Smarrito Jack!Jack \u00e9 un cane maschio taglia piccola nato il 2 Luglio 2008 e scomparso a Cosenza zona Piazza dei Bruzi il 24 Luglio 2014,peso 9 chili,mantello corto liscio prevalentemente bianco con macchie marroni e pigmenti marroni sulle zampe e sulla parte superiore del corpo e macchie nere sui testicoli,ha un dente davanti dalla parte sotto(se lo si guarda guardandolo in direzione del suo viso quindi in posizione difronte a lui gli manca un dente dalla parte sotto sul lato destro)quasi spezzato a met\u00e0,se si scopre il pelo dove ha le macchie grosse marroni si possono vedere anche i peli di colore nero perch\u00e9 probabilmente la Mamma o il Pap\u00e0 di Jack erano tricolore o lievemente tricolore non lo s\u00f2 con sicurezza perch\u00e9 non mi sono mai recata nell&#039;allevamento dove \u00e9 nato Jack infatti lui \u00e8 nato nell&#039;Allevamento del Cane Corso e Jack Russell che si trova a Marzi(Cosenza)e l&#039;ho acquistato a Settembre 2008 nel negozio Pet Food che si trovava a Quattromiglia di Rende(Cosenza)e vicino \u00e9 situata la Chiesa di San Carlo Borromeo e questo negozio \u00e9 chiuso definitivamente ma non s\u00f2 da quanto tempo, Jack non \u00e8 castrato e si \u00e8 accoppiato solo una volta perch\u00e9 era scappato di casa, carattere socievole, affettuoso,non ha mai morso nessuno, tranquillo,buono,educato,orecchie cadenti e forse non sente bene dall&#039;orecchio destro in quanto ha avuto nel 2011 un&#039;infezione causata dalla puntura di un insetto che gli ho curato in ambulatorio veterinario,occhi di colore marrone,se gli si scopre il pelo sulla pancia ha i pigmenti tipici dei Jack Russell Terrier quando sono cuccioli che gli sono rimasti anche da adulto,\u00e9 nato in allevamento e acquistato in negozio nel 2008 a settembre,ha abitato a Cerisano(Cosenza)dal Settembre 2008 a Febbraio 2010,\u00e9 socievole con cani,gatti ed esseri umani,siamo molto preoccupati e desideriamo ritrovare Jack al pi\u00f9 presto possibile, ho fatto la denuncia di smarrimento all&#039;anagrafe canina di Cosenza in data 25\/07\/2014 ma non sono stata mai contattata per comunicarmi il ritrovamento di Jack e nel corso di due telefonate a Maggio 2023 e a Settembre 2023 mi \u00e9 stato detto che il microchip di Jack \u00e9 ancora attivo <\/p>\n","protected":false},"author":2575,"featured_media":3521,"comment_status":"1","ping_status":"closed","template":"","meta":[],"categories":[122],"razza":[339],"provincia":[132],"class_list":["post-3520","smarriti","type-smarriti","status-publish","has-post-thumbnail","hentry","category-insoluto","razza-jack-russell-terrier","provincia-cs"],"jetpack_sharing_enabled":true,"_links":{"self":[{"href":"https:\/\/www.canismarritietrovati.it\/en\/wp-json\/wp\/v2\/smarriti\/3520","targetHints":{"allow":["GET"]}}],"collection":[{"href":"https:\/\/www.canismarritietrovati.it\/en\/wp-json\/wp\/v2\/smarriti"}],"about":[{"href":"https:\/\/www.canismarritietrovati.it\/en\/wp-json\/wp\/v2\/types\/smarriti"}],"author":[{"embeddable":true,"href":"https:\/\/www.canismarritietrovati.it\/en\/wp-json\/wp\/v2\/users\/2575"}],"replies":[{"embeddable":true,"href":"https:\/\/www.canismarritietrovati.it\/en\/wp-json\/wp\/v2\/comments?post=3520"}],"wp:featuredmedia":[{"embeddable":true,"href":"https:\/\/www.canismarritietrovati.it\/en\/wp-json\/wp\/v2\/media\/3521"}],"wp:attachment":[{"href":"https:\/\/www.canismarritietrovati.it\/en\/wp-json\/wp\/v2\/media?parent=3520"}],"wp:term":[{"taxonomy":"category","embeddable":true,"href":"https:\/\/www.canismarritietrovati.it\/en\/wp-json\/wp\/v2\/categories?post=3520"},{"taxonomy":"razza","embeddable":true,"href":"https:\/\/www.canismarritietrovati.it\/en\/wp-json\/wp\/v2\/razza?post=3520"},{"taxonomy":"provincia","embeddable":true,"href":"https:\/\/www.canismarritietrovati.it\/en\/wp-json\/wp\/v2\/provincia?post=3520"}],"curies":[{"name":"wp","href":"https:\/\/api.w.org\/{rel}","templated":true}]}}

<p>Smarrito Jack!Jack é un cane maschio taglia piccola nato il 2 Luglio 2008 e scomparso a Cosenza zona Piazza dei Bruzi il 24 Luglio 2014,peso 9 chili,mantello corto liscio prevalentemente bianco con macchie marroni e pigmenti marroni sulle zampe e sulla parte superiore del corpo e macchie nere sui testicoli,ha un dente davanti dalla parte sotto(se lo si guarda guardandolo in direzione del suo viso quindi in posizione difronte a lui gli manca un dente dalla parte sotto sul lato destro)quasi spezzato a metà,se si scopre il pelo dove ha le macchie grosse marroni si possono vedere anche i peli di colore nero perché probabilmente la Mamma o il Papà di Jack erano tricolore o lievemente tricolore non lo sò con sicurezza perché non mi sono mai recata nell&#039;allevamento dove é nato Jack infatti lui è nato nell&#039;Allevamento del Cane Corso e Jack Russell che si trova a Marzi(Cosenza)e l&#039;ho acquistato a Settembre 2008 nel negozio Pet Food che si trovava a Quattromiglia di Rende(Cosenza)e vicino é situata la Chiesa di San Carlo Borromeo e questo negozio é chiuso definitivamente ma non sò da quanto tempo, Jack non è castrato e si è accoppiato solo una volta perché era scappato di casa, carattere socievole, affettuoso,non ha mai morso nessuno, tranquillo,buono,educato,orecchie cadenti e forse non sente bene dall&#039;orecchio destro in quanto ha avuto nel 2011 un&#039;infezione causata dalla puntura di un insetto che gli ho curato in ambulatorio veterinario,occhi di colore marrone,se gli si scopre il pelo sulla pancia ha i pigmenti tipici dei Jack Russell Terrier quando sono cuccioli che gli sono rimasti anche da adulto,é nato in allevamento e acquistato in negozio nel 2008 a settembre,ha abitato a Cerisano(Cosenza)dal Settembre 2008 a Febbraio 2010,é socievole con cani,gatti ed esseri umani,siamo molto preoccupati e desideriamo ritrovare Jack al più presto possibile, ho fatto la denuncia di smarrimento all&#039;anagrafe canina di Cosenza in data 25/07/2014 ma non sono stata mai contattata per comunicarmi il ritrovamento di Jack e nel corso di due telefonate a Maggio 2023 e a Settembre 2023 mi é stato detto che il microchip di Jack é ancora attivo </p>
