{"id":3474,"date":"2023-10-04T09:32:57","date_gmt":"2023-10-04T07:32:57","guid":{"rendered":"https:\/\/www.canismarritietrovati.it\/smarriti\/luna-7\/"},"modified":"2023-10-04T09:47:14","modified_gmt":"2023-10-04T07:47:14","slug":"luna-7","status":"publish","type":"smarriti","link":"https:\/\/www.canismarritietrovati.it\/en\/smarriti\/luna-7\/","title":{"rendered":"Luna"},"content":{"rendered":"<p>Barboncina di nome Luna si \u00e8 smarrita in localit\u00e0 Bron\u00f2 (zona Malonno Bs) il 30\/09.<br \/>\n\u00c8 stata avvistata anche in zona Faeto (verso Edolo). <\/p>\n<p>Non ha il collare ma ha il micro chip.<br \/>\nSe doveste trovarla contattatemi al 3661141626 o al 336848306.<br \/>\nGrazie<\/p>\n","protected":false},"author":2567,"featured_media":3475,"comment_status":"1","ping_status":"closed","template":"","meta":[],"categories":[122],"razza":[523],"provincia":[43],"class_list":["post-3474","smarriti","type-smarriti","status-publish","has-post-thumbnail","hentry","category-insoluto","razza-bichon-a-poil-frise","provincia-bs"],"jetpack_sharing_enabled":true,"_links":{"self":[{"href":"https:\/\/www.canismarritietrovati.it\/en\/wp-json\/wp\/v2\/smarriti\/3474","targetHints":{"allow":["GET"]}}],"collection":[{"href":"https:\/\/www.canismarritietrovati.it\/en\/wp-json\/wp\/v2\/smarriti"}],"about":[{"href":"https:\/\/www.canismarritietrovati.it\/en\/wp-json\/wp\/v2\/types\/smarriti"}],"author":[{"embeddable":true,"href":"https:\/\/www.canismarritietrovati.it\/en\/wp-json\/wp\/v2\/users\/2567"}],"replies":[{"embeddable":true,"href":"https:\/\/www.canismarritietrovati.it\/en\/wp-json\/wp\/v2\/comments?post=3474"}],"wp:featuredmedia":[{"embeddable":true,"href":"https:\/\/www.canismarritietrovati.it\/en\/wp-json\/wp\/v2\/media\/3475"}],"wp:attachment":[{"href":"https:\/\/www.canismarritietrovati.it\/en\/wp-json\/wp\/v2\/media?parent=3474"}],"wp:term":[{"taxonomy":"category","embeddable":true,"href":"https:\/\/www.canismarritietrovati.it\/en\/wp-json\/wp\/v2\/categories?post=3474"},{"taxonomy":"razza","embeddable":true,"href":"https:\/\/www.canismarritietrovati.it\/en\/wp-json\/wp\/v2\/razza?post=3474"},{"taxonomy":"provincia","embeddable":true,"href":"https:\/\/www.canismarritietrovati.it\/en\/wp-json\/wp\/v2\/provincia?post=3474"}],"curies":[{"name":"wp","href":"https:\/\/api.w.org\/{rel}","templated":true}]}}

<p>Barboncina di nome Luna si è smarrita in località Bronò (zona Malonno Bs) il 30/09.<br />
È stata avvistata anche in zona Faeto (verso Edolo). </p>
<p>Non ha il collare ma ha il micro chip.<br />
Se doveste trovarla contattatemi al 3661141626 o al 336848306.<br />
Grazie</p>
