{"id":3139,"date":"2023-07-20T09:25:43","date_gmt":"2023-07-20T07:25:43","guid":{"rendered":"https:\/\/www.canismarritietrovati.it\/smarriti\/gwen\/"},"modified":"2023-09-16T08:08:20","modified_gmt":"2023-09-16T06:08:20","slug":"gwen","status":"publish","type":"smarriti","link":"https:\/\/www.canismarritietrovati.it\/en\/smarriti\/gwen\/","title":{"rendered":"Gwen"},"content":{"rendered":"<p>In seguito ad una aggressione da cani da pastore, la cagnolina liberata da due di loro, \u00e8 fuggita verso la macchina parcheggiata, ma non sono pi\u00f9 riuscita a trovarla.  Sendo cucciola, \u00e8 stata sicuramente presa. ( Zona pista ciclabe di Bricherasio, vicino al fiume e frutteti)<br \/>\nPer favore chi l&#039;ha trovata, mi chiami al 3338973997<\/p>\n","protected":false},"author":2484,"featured_media":3140,"comment_status":"1","ping_status":"closed","template":"","meta":[],"categories":[122],"razza":[362],"provincia":[27],"class_list":["post-3139","smarriti","type-smarriti","status-publish","has-post-thumbnail","hentry","category-insoluto","razza-bassotto-tedesco-standard-a-pelo-corto","provincia-to"],"jetpack_sharing_enabled":true,"_links":{"self":[{"href":"https:\/\/www.canismarritietrovati.it\/en\/wp-json\/wp\/v2\/smarriti\/3139","targetHints":{"allow":["GET"]}}],"collection":[{"href":"https:\/\/www.canismarritietrovati.it\/en\/wp-json\/wp\/v2\/smarriti"}],"about":[{"href":"https:\/\/www.canismarritietrovati.it\/en\/wp-json\/wp\/v2\/types\/smarriti"}],"author":[{"embeddable":true,"href":"https:\/\/www.canismarritietrovati.it\/en\/wp-json\/wp\/v2\/users\/2484"}],"replies":[{"embeddable":true,"href":"https:\/\/www.canismarritietrovati.it\/en\/wp-json\/wp\/v2\/comments?post=3139"}],"wp:featuredmedia":[{"embeddable":true,"href":"https:\/\/www.canismarritietrovati.it\/en\/wp-json\/wp\/v2\/media\/3140"}],"wp:attachment":[{"href":"https:\/\/www.canismarritietrovati.it\/en\/wp-json\/wp\/v2\/media?parent=3139"}],"wp:term":[{"taxonomy":"category","embeddable":true,"href":"https:\/\/www.canismarritietrovati.it\/en\/wp-json\/wp\/v2\/categories?post=3139"},{"taxonomy":"razza","embeddable":true,"href":"https:\/\/www.canismarritietrovati.it\/en\/wp-json\/wp\/v2\/razza?post=3139"},{"taxonomy":"provincia","embeddable":true,"href":"https:\/\/www.canismarritietrovati.it\/en\/wp-json\/wp\/v2\/provincia?post=3139"}],"curies":[{"name":"wp","href":"https:\/\/api.w.org\/{rel}","templated":true}]}}

<p>In seguito ad una aggressione da cani da pastore, la cagnolina liberata da due di loro, è fuggita verso la macchina parcheggiata, ma non sono più riuscita a trovarla.  Sendo cucciola, è stata sicuramente presa. ( Zona pista ciclabe di Bricherasio, vicino al fiume e frutteti)<br />
Per favore chi l&#039;ha trovata, mi chiami al 3338973997</p>
