{"id":10492,"date":"2026-02-23T20:29:47","date_gmt":"2026-02-23T19:29:47","guid":{"rendered":"https:\/\/www.canismarritietrovati.it\/smarriti\/pepe-8\/"},"modified":"2026-02-23T20:36:21","modified_gmt":"2026-02-23T19:36:21","slug":"pepe-8","status":"publish","type":"smarriti","link":"https:\/\/www.canismarritietrovati.it\/en\/smarriti\/pepe-8\/","title":{"rendered":"Pepe"},"content":{"rendered":"<p>Pepe era a casa con l&#39;altro nostro cane, con la possibilit\u00e0 di uscire in giardino. Forse \u00e8 stato lasciato il cancello aperto dagli amici di nostro figlio, e i cani sono usciti. L&#39;altro nostro cane \u00e8 stato ritrovato subito, mentre Pepe \u00e8 sparito. Potrebbe essere stato preso da qualcuno<\/p>\n","protected":false},"author":4,"featured_media":10493,"comment_status":"1","ping_status":"closed","template":"","meta":[],"categories":[122],"razza":[503],"provincia":[94],"class_list":["post-10492","smarriti","type-smarriti","status-publish","has-post-thumbnail","hentry","category-insoluto","razza-lagotto-romagnolo","provincia-tr"],"jetpack_sharing_enabled":true,"_links":{"self":[{"href":"https:\/\/www.canismarritietrovati.it\/en\/wp-json\/wp\/v2\/smarriti\/10492","targetHints":{"allow":["GET"]}}],"collection":[{"href":"https:\/\/www.canismarritietrovati.it\/en\/wp-json\/wp\/v2\/smarriti"}],"about":[{"href":"https:\/\/www.canismarritietrovati.it\/en\/wp-json\/wp\/v2\/types\/smarriti"}],"author":[{"embeddable":true,"href":"https:\/\/www.canismarritietrovati.it\/en\/wp-json\/wp\/v2\/users\/4"}],"replies":[{"embeddable":true,"href":"https:\/\/www.canismarritietrovati.it\/en\/wp-json\/wp\/v2\/comments?post=10492"}],"wp:featuredmedia":[{"embeddable":true,"href":"https:\/\/www.canismarritietrovati.it\/en\/wp-json\/wp\/v2\/media\/10493"}],"wp:attachment":[{"href":"https:\/\/www.canismarritietrovati.it\/en\/wp-json\/wp\/v2\/media?parent=10492"}],"wp:term":[{"taxonomy":"category","embeddable":true,"href":"https:\/\/www.canismarritietrovati.it\/en\/wp-json\/wp\/v2\/categories?post=10492"},{"taxonomy":"razza","embeddable":true,"href":"https:\/\/www.canismarritietrovati.it\/en\/wp-json\/wp\/v2\/razza?post=10492"},{"taxonomy":"provincia","embeddable":true,"href":"https:\/\/www.canismarritietrovati.it\/en\/wp-json\/wp\/v2\/provincia?post=10492"}],"curies":[{"name":"wp","href":"https:\/\/api.w.org\/{rel}","templated":true}]}}

<p>Pepe era a casa con l&#39;altro nostro cane, con la possibilità di uscire in giardino. Forse è stato lasciato il cancello aperto dagli amici di nostro figlio, e i cani sono usciti. L&#39;altro nostro cane è stato ritrovato subito, mentre Pepe è sparito. Potrebbe essere stato preso da qualcuno</p>
